of 501?
False
Is 2002 a multiple of 14?
True
Does 7 divide 333?
False
Is 3952 a multiple of 19?
True
Is 184 a multiple of 23?
True
Is 40 a factor of 1657?
False
Does 19 divide 437?
True
Does 75 divide 6056?
False
Does 4 divide 64?
True
Is 55 a factor of 2339?
False
Does 180 divide 11695?
False
Is 12 a factor of 6243?
False
Does 26 divide 22490?
True
Is 13 a factor of 11037?
True
Is 9890 a multiple of 86?
True
Does 163 divide 17874?
False
Is 39 a factor of 1872?
True
Does 137 divide 41374?
True
Is 43 a factor of 387?
True
Is 27420 a multiple of 20?
True
Is 7 a factor of 8517?
False
Is 870 a multiple of 15?
True
Does 54 divide 46548?
True
Does 9 divide 297?
True
Does 23 divide 17541?
False
Is 63 a multiple of 3?
True
Is 5616 a multiple of 78?
True
Does 2 divide 25?
False
Does 39 divide 32799?
True
Is 24 a factor of 14108?
False
Is 14 a factor of 1705?
False
Is 750 a multiple of 30?
True
Is 3 a factor of 373?
False
Is 11 a factor of 12804?
True
Does 20 divide 465?
False
Is 1534 a multiple of 13?
True
Is 24 a factor of 792?
True
Does 35 divide 3185?
True
Is 4 a factor of 1390?
False
Does 46 divide 4416?
True
Is 34 a factor of 627?
False
Is 9 a factor of 61?
False
Is 4 a factor of 20535?
False
Is 23 a multiple of 6?
False
Does 21 divide 2883?
False
Is 648 a multiple of 5?
False
Does 13 divide 706?
False
Does 19 divide 95?
True
Is 2195 a multiple of 135?
False
Is 1161 a multiple of 18?
False
Is 2314 a multiple of 54?
False
Does 201 divide 6009?
False
Does 14 divide 1008?
True
Is 2700 a multiple of 45?
True
Is 35 a factor of 19670?
True
Is 20 a factor of 880?
True
Does 11 divide 32667?
False
Is 22 a factor of 528?
True
Is 126 a factor of 11683?
False
Is 3 a factor of 3891?
True
Is 32 a factor of 2560?
True
Is 41 a factor of 1358?
False
Is 91 a factor of 3003?
True
Is 8 a factor of 2248?
True
Does 55 divide 13805?
True
Is 127 a factor of 508?
True
Does 19 divide 6650?
True
Does 171 divide 8314?
False
Does 104 divide 50960?
True
Does 7 divide 226?
False
Is 11 a factor of 12867?
False
Is 17 a factor of 14263?
True
Is 6981 a multiple of 11?
False
Is 123 a factor of 58886?
False
Does 160 divide 11360?
True
Is 5 a factor of 363?
False
Is 13025 a multiple of 25?
True
Does 38 divide 494?
True
Is 19 a factor of 551?
True
Does 84 divide 1176?
True
Does 155 divide 17825?
True
Does 183 divide 14274?
True
Is 6 a factor of 2080?
False
Is 2262 a multiple of 39?
True
Is 11 a factor of 671?
True
Is 65 a factor of 996?
False
Is 11 a factor of 3795?
True
Is 23412 a multiple of 3?
True
Is 4 a factor of 631?
False
Is 15 a factor of 295?
False
Is 60 even?
True
Is 20 a factor of 4720?
True
Is 56 a factor of 36527?
False
Does 137 divide 12041?
False
Is 248 a multiple of 2?
True
Does 117 divide 2340?
True
Does 16 divide 276?
False
Is 69 a factor of 11664?
False
Is 27777 a multiple of 16?
False
Is 1233 a multiple of 16?
False
Does 10 divide 820?
True
Does 189 divide 10206?
True
Does 2 divide 38?
True
Does 14 divide 196?
True
Is 559 a multiple of 72?
False
Does 22 divide 1826?
True
Is 11 a factor of 1045?
True
Does 20 divide 119?
False
Is 11724 a multiple of 14?
False
Is 2937 a multiple of 33?
True
Is 14436 a multiple of 118?
False
Is 26 a multiple of 10?
False
Is 134 a multiple of 68?
False
Is 47 a factor of 1508?
False
Is 16 a factor of 390?
False
Is 50 a factor of 1153?
False
Is 12 a factor of 7161?
False
Does 24 divide 2724?
False
Does 21 divide 35102?
False
Is 7 a factor of 34986?
True
Is 17 a factor of 719?
False
Does 3 divide 2296?
False
Is 198 a factor of 7128?
True
Is 4 a factor of 6091?
False
Is 4 a factor of 471?
False
Is 130 a multiple of 13?
True
Does 60 divide 1680?
True
Does 36 divide 81360?
True
Is 12 a factor of 7500?
True
Is 7389 a multiple of 8?
False
Does 96 divide 480?
True
Does 103 divide 2163?
True
Is 69 a factor of 9453?
True
Does 4 divide 324?
True
Is 36168 a multiple of 12?
True
Is 99 a factor of 6633?
True
Does 25 divide 56150?
True
Is 25 a factor of 3968?
False
Is 450 a multiple of 3?
True
Does 5 divide 600?
True
Does 12 divide 276?
True
Does 17 divide 12592?
False
Is 435 a multiple of 7?
False
Is 2496 a multiple of 39?
True
Is 66 a multiple of 5?
False
Is 3 a factor of 1460?
False
Is 147313 a multiple of 31?
False
Is 216 a multiple of 12?
True
Is 196 a multiple of 11?
False
Is 145 a factor of 4785?
True
Does 5 divide 277?
False
Does 21 divide 1512?
True
Is 2128 a multiple of 76?
True
Is 7 a factor of 3519?
False
Is 27 a factor of 967?
False
Does 64 divide 512?
True
Does 9 divide 8523?
True
Is 5 a factor of 1739?
False
Is 1764 a multiple of 12?
True
Is 1331 a multiple of 111?
False
Is 27 a factor of 63423?
True
Is 42 a factor of 34566?
True
Is 44 a factor of 1628?
True
Is 8 a factor of 2120?
True
Is 49 a multiple of 7?
True
Is 2208 a multiple of 24?
True
Is 1200 a multiple of 25?
True
Is 13 a factor of 7135?
False
Is 50 a factor of 6169?
False
Is 23770 a multiple of 10?
True
Is 1095 a multiple of 15?
True
Does 23 divide 782?
True
Is 34774 a multiple of 103?
False
Does 13 divide 2062?
False
Is 48400 a multiple of 110?
True
Is 672 a multiple of 21?
True
Is 272 a multiple of 34?
True
Does 15 divide 89940?
True
Is 29 a factor of 145?
True
Is 20 a factor of 3764?
False
Is 31 a factor of 4810?
False
Is 68 a factor of 3141?
False
Is 16 a factor of 2599?
False
Does 15 divide 345?
True
Is 858 a multiple of 26?
True
Is 267 a factor of 71823?
True
Is 19 a factor of 1900?
True
Is 60 a multiple of 10?
True
Is 212 a factor of 4833?
False
Is 7 a factor of 202?
False
Is 23 a factor of 4945?
True
Does 12 divide 27180?
True
Is 212 a multiple of 12?
False
Is 135 a multiple of 2?
False
Does 272 divide 31825?
False
Is 900 a multiple of 12?
True
Is 2784 a multiple of 8?
True
Does 26 divide 109018?
True
Is 42440 a multiple of 20?
True
Is 52575 a multiple of 9?
False
Is 2795 a multiple of 20?
False
Does 13 divide 1956?
False
Is 2607 a multiple of 33?
True
Does 7 divide 119?
True
Is 33 a factor of 3952?
False
Is 1507 a multiple of 11?
True
Does 70 divide 3964?
False
Does 6 divide 1106?
False
Is 7073 a multiple of 55?
False
Is 482 a multiple of 76?
False
Is 18 a factor of 12348?
True
Is 1196 a multiple of 59?
False
Does 13 divide 59906?
False
Is 85 a multiple of 13?
False
Is 34 a factor of 135?
False
Is 183 a factor of 474?
False
Is 621 a multiple of 27?
True
Does 92 divide 1978?
False
Does 14 divide 43918?
True
Is 108 a multiple of 6?
True
Is 8668 a multiple of 21?
False
Is 135 a factor of 5130?
True
Is 89433 a multiple of 278?
False
Does 17 divide 18776?
False
Is 114750 a multiple of 18?
True
Is 17 a factor of 4114?
True
Is 70 a factor of 910?
True
Does 6 divide 1558?
False
Does 16 divide 3408?
True
Is 380 a factor of 182309?
False
Is 50503 a multiple of 51?
False
Is 600 a multiple of 15?
True
Does 71 divide 639?
True
Is 13 a factor of 3114?
False
Is 34 a factor of 4072?
False
Is 21 a factor of 210?
True
Does 30 divide 181?
False
Does 15 divide 3975?
True
Is 1508 a multiple of 68?
False
Is 50 a factor of 1732?
False
Does 178 divide 1798?
False
Is 4 a factor of 328?
True
Does 35 divide 2625?
True
Does 26 divide 1222?
True
Is 426 a multiple of 3?
True
Is 70575 a multiple of 96?
False
Is 48592 a multiple of 16?
True
Does 13 divide 819?
True
Does 11 divide 55?
True
Is 1731 a multiple of 48?
False
Is 9 a factor of 27?
True
Does 19 divide 21660?
True
Is 553 a multiple of 15?
False
Is 82 a factor of 46766?
False
Is 3070 a multiple of 17?
False
Is 10817 a multiple of 29?
True
Does 72 divide 68688?
True
Is 3666 a multiple of 26?
True
Is 899 a multiple of 10?
False
Does 40 divide 1142?
False
Does 127 divide 9017?
True
Is 4743 a multiple of 93?
True
Is 5 a factor of 1575?
True
Is 26 a factor of 12818?
True
Is 35 a factor of 1245?
False
Is 18069 a multiple of 19?
True
Is 9 a factor of 3339?
True
Is 11061 a multiple of 85?
False
Is 14 a factor of 33128?
False
Does 92 divide 1807?
False
Is 25 a multiple of 3?
False
Is 1240 a multiple of 62?
True
Is 385 a multiple of 6?
False
Is 17612 a multiple of 68?
True
Is 493 a multiple of 17?
True
Is 20240 a multiple of 23?
True
Does 28 divide 33187?
False
Is 9638 a multiple of 2?
True
Does 31 divide 5952?
True
Is 962 a multiple of 50?
False
Does 82 divide 1277?
False
Is 57741 a multiple of 99?
False
Is 552 a multiple of 3?
True
Does 12 divide